99, 967, 1973
What are the prime factors of 7127820?
2, 3, 5, 7, 5657
What are the prime factors of 8171583?
3, 7, 55589
List the prime factors of 819525075.
3, 5, 23, 233, 2039
List the prime factors of 40098793.
7, 29, 53, 3727
List the prime factors of 5086792.
2, 635849
What are the prime factors of 96039460?
2, 5, 11, 17, 25679
What are the prime factors of 968272221?
3, 7, 131, 351971
What are the prime factors of 1388196708?
2, 3, 29, 227, 17573
What are the prime factors of 240058068?
2, 3, 1279, 15641
What are the prime factors of 11551631?
7, 13, 61, 2081
What are the prime factors of 2117143778?
2, 6427, 164707
List the prime factors of 158329766.
2, 7, 1049, 10781
List the prime factors of 6787823.
7, 83, 1669
What are the prime factors of 5356156688?
2, 31, 41, 263383
What are the prime factors of 323277245?
5, 2399, 26951
List the prime factors of 53792929.
23, 2338823
What are the prime factors of 82326333?
3, 27442111
List the prime factors of 30382917.
3, 10127639
What are the prime factors of 1296671452?
2, 324167863
List the prime factors of 778023664.
2, 11, 4420589
What are the prime factors of 248963106?
2, 3, 7, 107, 55399
What are the prime factors of 16167731?
17, 461, 2063
List the prime factors of 3461761710.
2, 3, 5, 11, 3496729
List the prime factors of 312218646.
2, 3, 52036441
What are the prime factors of 3701411606?
2, 227, 8152889
List the prime factors of 9628404664.
2, 1103, 1091161
What are the prime factors of 46341693?
3, 1716359
List the prime factors of 46129490.
2, 5, 11, 23, 18233
What are the prime factors of 5301742490?
2, 5, 11, 223, 216133
List the prime factors of 504231552.
2, 3, 11, 39791
List the prime factors of 35598137.
31, 1148327
List the prime factors of 46737389.
46737389
What are the prime factors of 7026351?
3, 103, 22739
What are the prime factors of 674198191?
674198191
List the prime factors of 525069032.
2, 65633629
What are the prime factors of 183327414?
2, 3, 2659, 11491
List the prime factors of 285984048.
2, 3, 7, 19, 44797
List the prime factors of 134991894.
2, 3, 22498649
What are the prime factors of 521977637?
67, 2251, 3461
List the prime factors of 4191420.
2, 3, 5, 69857
List the prime factors of 40177669.
7, 5739667
List the prime factors of 871307840.
2, 5, 13, 209449
List the prime factors of 1736055969.
3, 53, 10918591
What are the prime factors of 539752601?
17, 347, 91499
What are the prime factors of 39394769?
31, 593, 2143
What are the prime factors of 416666462?
2, 208333231
List the prime factors of 365329599.
3, 769, 158357
List the prime factors of 3297325027.
29, 113700863
What are the prime factors of 18638645?
5, 3727729
List the prime factors of 1063929117.
3, 37, 9584947
What are the prime factors of 282077013?
3, 191, 492281
What are the prime factors of 8337205?
5, 1667441
List the prime factors of 118315218.
2, 3, 7, 2817029
List the prime factors of 264088107.
3, 3260347
List the prime factors of 106847709.
3, 35615903
What are the prime factors of 71680558?
2, 23, 67751
What are the prime factors of 514760344?
2, 7, 9192149
List the prime factors of 94509211.
19, 37, 134437
What are the prime factors of 727032017?
19, 2767, 13829
What are the prime factors of 56067266?
2, 29, 966677
What are the prime factors of 143277800?
2, 5, 716389
What are the prime factors of 1888676898?
2, 3, 13367, 23549
What are the prime factors of 2208427426?
2, 53, 223, 93427
What are the prime factors of 9924333?
3, 647, 5113
What are the prime factors of 44538022?
2, 313, 71147
What are the prime factors of 407512505?
5, 23, 43, 3583
What are the prime factors of 3496849404?
2, 3, 3407, 85531
What are the prime factors of 24352568?
2, 17, 241, 743
What are the prime factors of 401634069?
3, 211, 634493
List the prime factors of 442041390.
2, 3, 5, 7, 701653
What are the prime factors of 47630602?
2, 41, 73, 109
List the prime factors of 139658002.
2, 11, 389, 16319
List the prime factors of 105669915.
3, 5, 13, 41, 13217
List the prime factors of 7836300.
2, 3, 5, 8707
What are the prime factors of 251462008?
2, 7, 61, 73613
What are the prime factors of 325373146?
2, 7, 61, 139, 2741
List the prime factors of 38918252.
2, 1103, 8821
List the prime factors of 3476376693.
3, 8999, 42923
What are the prime factors of 660317079?
3, 220105693
What are the prime factors of 1539784865?
5, 307956973
List the prime factors of 190370111.
190370111
What are the prime factors of 373072346?
2, 186536173
What are the prime factors of 284674545?
3, 5, 617, 10253
List the prime factors of 616902453.
3, 22848239
List the prime factors of 83372008.
2, 211, 49391
List the prime factors of 183425704.
2, 7, 11, 191, 1559
List the prime factors of 1872712951.
42961, 43591
List the prime factors of 886157387.
139, 6375233
What are the prime factors of 1015262365?
5, 13, 15619421
What are the prime factors of 114885904?
2, 7, 1025767
What are the prime factors of 2151659293?
7, 307379899
List the prime factors of 376939615.
5, 13, 193, 30047
What are the prime factors of 993379038?
2, 3, 165563173
What are the prime factors of 87517335?
3, 5, 151, 38639
What are the prime factors of 127340189?
29, 4391041
List the prime factors of 296054359.
29, 809, 12619
List the prime factors of 1446125931.
3, 59, 2723401
List the prime factors of 1832465897.
97, 18891401
What are the prime factors of 2335706456?
2, 97, 3009931
List the prime factors of 152509513.
13, 59, 198839
List the prime factors of 657504484.
2, 7, 13, 1806331
What are the prime factors of 9588885?
3, 5, 639259
List the prime factors of 3345161548.
2, 836290387
What are the prime factors of 1977213185?
5, 29, 79, 172607
What are the prime factors of 82095927?
3, 241, 271, 419
What are the prime factors of 57428664?
2, 3, 2392861
List the prime factors of 1795633019.
19, 107, 283, 3121
List the prime factors of 1887145288.
2, 7, 61, 233, 2371
List the prime factors of 910116609.
3, 303372203
List the prime factors of 333158178.
2, 3, 31, 1791173
What are the prime factors of 2193263650?
2, 5, 43865273
List the prime factors of 41762048.
2, 37, 4409
List the prime factors of 266969393.
37, 113, 63853
What are the prime factors of 15044283?
3, 103, 16229
What are the prime factors of 39873706?
2, 1013, 19681
List the prime factors of 234968327.
11, 907, 2141
What are the prime factors of 23471215?
5, 4694243
What are the prime factors of 105246224?
2, 103, 63863
What are the prime factors of 279638706?
2, 3, 29, 53, 30323
List the prime factors of 1628975165.
5, 19, 151, 113557
What are the prime factors of 266416676?
2, 709, 93941
List the prime factors of 2583107624.
2, 322888453
List the prime factors of 294731155.
5, 2833, 20807
List the prime factors of 181672060.
2, 5, 83, 109441
List the prime factors of 19970409.
3, 487, 13669
List the prime factors of 249449169.
3, 163, 510121
What are the prime factors of 408351635?
5, 149, 548123
List the prime factors of 955697380.
2, 5, 11, 23, 67, 2819
What are the prime factors of 21989129?
21989129
List the prime factors of 385291389.
3, 7, 18347209
What are the prime factors of 1254241985?
5, 250848397
List the prime factors of 868397097.
3, 41, 7060139
List the prime factors of 40070265.
3, 5, 2671351
What are the prime factors of 807965348?
2, 19, 10631123
What are the prime factors of 271126088?
2, 73, 464257
List the prime factors of 119437544.
2, 29, 31, 16607
What are the prime factors of 334617836?
2, 7, 11950637
What are the prime factors of 4825484698?
2, 103, 23424683
List the prime factors of 5259556.
2, 29, 45341
What are the prime factors of 498047393?
83, 6000571
List the prime factors of 85261175.
5, 3410447
List the prime factors of 1307911604.
2, 89, 139, 26431
What are the prime factors of 707794044?
2, 3, 3701, 15937
List the prime factors of 85587338.
2, 42793669
What are the prime factors of 19096727?
13, 73, 20123
List the prime factors of 650460923.
7, 29, 677, 4733
What are the prime factors of 812796177?
3, 41, 6608099
What are the prime factors of 7831663555?
5, 1566332711
List the prime factors of 2346695035.
5, 19, 24702053
What are the prime factors of 76265095?
5, 67, 251, 907
What are the prime factors of 130748097?
3, 103, 423133
What are the pri